{"id":41,"date":"2017-12-17T10:02:12","date_gmt":"2017-12-17T10:02:12","guid":{"rendered":"http:\/\/sklepfabri.pl\/index.php\/my-account-2\/"},"modified":"2022-06-23T10:58:11","modified_gmt":"2022-06-23T08:58:11","slug":"my-account-2","status":"publish","type":"page","link":"https:\/\/sklepfabri.pl\/index.php\/my-account-2\/","title":{"rendered":"My account"},"content":{"rendered":"\t\t<div data-elementor-type=\"wp-post\" data-elementor-id=\"41\" class=\"elementor elementor-41\" data-elementor-settings=\"[]\">\n\t\t\t\t\t\t\t<div class=\"elementor-section-wrap\">\n\t\t\t\t\t\t\t<section class=\"elementor-section elementor-top-section elementor-element elementor-element-0e916b3 elementor-section-boxed elementor-section-height-default elementor-section-height-default\" data-id=\"0e916b3\" data-element_type=\"section\" data-settings=\"{&quot;background_background&quot;:&quot;classic&quot;}\">\n\t\t\t\t\t\t\t<div class=\"elementor-background-overlay\"><\/div>\n\t\t\t\t\t\t\t<div class=\"elementor-container elementor-column-gap-default\">\n\t\t\t\t\t<div class=\"elementor-column elementor-col-100 elementor-top-column elementor-element elementor-element-8e0ee3d\" data-id=\"8e0ee3d\" data-element_type=\"column\">\n\t\t\t<div class=\"elementor-widget-wrap elementor-element-populated\">\n\t\t\t\t\t\t\t\t<div class=\"elementor-element elementor-element-5f25524 elementor-widget elementor-widget-heading\" data-id=\"5f25524\" data-element_type=\"widget\" data-widget_type=\"heading.default\">\n\t\t\t\t<div class=\"elementor-widget-container\">\n\t\t\t<h1 class=\"elementor-heading-title elementor-size-default\">Moje konto<\/h1>\t\t<\/div>\n\t\t\t\t<\/div>\n\t\t\t\t<div class=\"elementor-element elementor-element-c66cc7d elementor-widget-divider--view-line elementor-widget elementor-widget-divider\" data-id=\"c66cc7d\" data-element_type=\"widget\" data-widget_type=\"divider.default\">\n\t\t\t\t<div class=\"elementor-widget-container\">\n\t\t\t\t\t<div class=\"elementor-divider\">\n\t\t\t<span class=\"elementor-divider-separator\">\n\t\t\t\t\t\t<\/span>\n\t\t<\/div>\n\t\t\t\t<\/div>\n\t\t\t\t<\/div>\n\t\t\t\t<div class=\"elementor-element elementor-element-80c053c elementor-widget elementor-widget-text-editor\" data-id=\"80c053c\" data-element_type=\"widget\" data-widget_type=\"text-editor.default\">\n\t\t\t\t<div class=\"elementor-widget-container\">\n\t\t\t\t\t<div class=\"elementor-text-editor elementor-clearfix\"><p>Panel zarz\u0105dzania klienta. Tutaj znajdziesz wszystkie informacje zwi\u0105zane z Twoimi zam\u00f3wianiami.<\/p><\/div>\n\t\t\t\t<\/div>\n\t\t\t\t<\/div>\n\t\t\t\t\t<\/div>\n\t\t<\/div>\n\t\t\t\t\t\t\t<\/div>\n\t\t<\/section>\n\t\t\t\t<section class=\"elementor-section elementor-top-section elementor-element elementor-element-79db6ca5 elementor-section-boxed elementor-section-height-default elementor-section-height-default\" data-id=\"79db6ca5\" data-element_type=\"section\" data-settings=\"{&quot;background_background&quot;:&quot;classic&quot;}\">\n\t\t\t\t\t\t<div class=\"elementor-container elementor-column-gap-default\">\n\t\t\t\t\t<div class=\"elementor-column elementor-col-100 elementor-top-column elementor-element elementor-element-2255fc82\" data-id=\"2255fc82\" data-element_type=\"column\">\n\t\t\t<div class=\"elementor-widget-wrap elementor-element-populated\">\n\t\t\t\t\t\t\t\t<div class=\"elementor-element elementor-element-59588293 elementor-widget elementor-widget-shortcode\" data-id=\"59588293\" data-element_type=\"widget\" data-widget_type=\"shortcode.default\">\n\t\t\t\t<div class=\"elementor-widget-container\">\n\t\t\t\t\t<div class=\"elementor-shortcode\"><div class=\"woocommerce\"><\/div><\/div>\n\t\t\t\t<\/div>\n\t\t\t\t<\/div>\n\t\t\t\t\t<\/div>\n\t\t<\/div>\n\t\t\t\t\t\t\t<\/div>\n\t\t<\/section>\n\t\t\t\t\t\t<\/div>\n\t\t\t\t\t<\/div>\n\t\t","protected":false},"excerpt":{"rendered":"<p>Moje konto Panel zarz\u0105dzania klienta. Tutaj znajdziesz wszystkie informacje zwi\u0105zane z Twoimi zam\u00f3wianiami.<\/p>\n","protected":false},"author":1,"featured_media":0,"parent":0,"menu_order":0,"comment_status":"closed","ping_status":"closed","template":"","meta":[],"yoast_head":"<!-- This site is optimized with the Yoast SEO plugin v19.2 - https:\/\/yoast.com\/wordpress\/plugins\/seo\/ -->\n<title>My account - Sklep Fabri<\/title>\n<meta name=\"robots\" content=\"index, follow, max-snippet:-1, max-image-preview:large, max-video-preview:-1\" \/>\n<link rel=\"canonical\" href=\"https:\/\/sklepfabri.pl\/index.php\/my-account-2\/\" \/>\n<meta property=\"og:locale\" content=\"pl_PL\" \/>\n<meta property=\"og:type\" content=\"article\" \/>\n<meta property=\"og:title\" content=\"My account - Sklep Fabri\" \/>\n<meta property=\"og:description\" content=\"Moje konto Panel zarz\u0105dzania klienta. Tutaj znajdziesz wszystkie informacje zwi\u0105zane z Twoimi zam\u00f3wianiami.\" \/>\n<meta property=\"og:url\" content=\"https:\/\/sklepfabri.pl\/index.php\/my-account-2\/\" \/>\n<meta property=\"og:site_name\" content=\"Sklep Fabri\" \/>\n<meta property=\"article:publisher\" content=\"https:\/\/www.facebook.com\/podlogifabri\" \/>\n<meta property=\"article:modified_time\" content=\"2022-06-23T08:58:11+00:00\" \/>\n<meta name=\"author\" content=\"admin8732\" \/>\n<meta name=\"twitter:card\" content=\"summary_large_image\" \/>\n<script type=\"application\/ld+json\" class=\"yoast-schema-graph\">{\"@context\":\"https:\/\/schema.org\",\"@graph\":[{\"@type\":[\"Person\",\"Organization\"],\"@id\":\"https:\/\/sklepfabri.pl\/#\/schema\/person\/4770a54243c7386d41159c794af164a8\",\"name\":\"admin8732\",\"image\":{\"@type\":\"ImageObject\",\"inLanguage\":\"pl-PL\",\"@id\":\"https:\/\/sklepfabri.pl\/#\/schema\/person\/image\/\",\"url\":\"https:\/\/secure.gravatar.com\/avatar\/f055ffad62b9983bde2dbcf4bc812418?s=96&d=mm&r=g\",\"contentUrl\":\"https:\/\/secure.gravatar.com\/avatar\/f055ffad62b9983bde2dbcf4bc812418?s=96&d=mm&r=g\",\"caption\":\"admin8732\"},\"logo\":{\"@id\":\"https:\/\/sklepfabri.pl\/#\/schema\/person\/image\/\"},\"sameAs\":[\"http:\/\/sklepfabri.pl\",\"https:\/\/www.facebook.com\/podlogifabri\",\"https:\/\/www.instagram.com\/podlogifabri\/\"]},{\"@type\":\"WebSite\",\"@id\":\"https:\/\/sklepfabri.pl\/#website\",\"url\":\"https:\/\/sklepfabri.pl\/\",\"name\":\"Sklep Fabri\",\"description\":\"Pod\u0142ogi drewniane\",\"publisher\":{\"@id\":\"https:\/\/sklepfabri.pl\/#\/schema\/person\/4770a54243c7386d41159c794af164a8\"},\"potentialAction\":[{\"@type\":\"SearchAction\",\"target\":{\"@type\":\"EntryPoint\",\"urlTemplate\":\"https:\/\/sklepfabri.pl\/?s={search_term_string}\"},\"query-input\":\"required name=search_term_string\"}],\"inLanguage\":\"pl-PL\"},{\"@type\":\"WebPage\",\"@id\":\"https:\/\/sklepfabri.pl\/index.php\/my-account-2\/#webpage\",\"url\":\"https:\/\/sklepfabri.pl\/index.php\/my-account-2\/\",\"name\":\"My account - Sklep Fabri\",\"isPartOf\":{\"@id\":\"https:\/\/sklepfabri.pl\/#website\"},\"datePublished\":\"2017-12-17T10:02:12+00:00\",\"dateModified\":\"2022-06-23T08:58:11+00:00\",\"breadcrumb\":{\"@id\":\"https:\/\/sklepfabri.pl\/index.php\/my-account-2\/#breadcrumb\"},\"inLanguage\":\"pl-PL\",\"potentialAction\":[{\"@type\":\"ReadAction\",\"target\":[\"https:\/\/sklepfabri.pl\/index.php\/my-account-2\/\"]}]},{\"@type\":\"BreadcrumbList\",\"@id\":\"https:\/\/sklepfabri.pl\/index.php\/my-account-2\/#breadcrumb\",\"itemListElement\":[{\"@type\":\"ListItem\",\"position\":1,\"name\":\"Strona g\u0142\u00f3wna\",\"item\":\"https:\/\/sklepfabri.pl\/\"},{\"@type\":\"ListItem\",\"position\":2,\"name\":\"My account\"}]}]}<\/script>\n<!-- \/ Yoast SEO plugin. -->","yoast_head_json":{"title":"My account - Sklep Fabri","robots":{"index":"index","follow":"follow","max-snippet":"max-snippet:-1","max-image-preview":"max-image-preview:large","max-video-preview":"max-video-preview:-1"},"canonical":"https:\/\/sklepfabri.pl\/index.php\/my-account-2\/","og_locale":"pl_PL","og_type":"article","og_title":"My account - Sklep Fabri","og_description":"Moje konto Panel zarz\u0105dzania klienta. Tutaj znajdziesz wszystkie informacje zwi\u0105zane z Twoimi zam\u00f3wianiami.","og_url":"https:\/\/sklepfabri.pl\/index.php\/my-account-2\/","og_site_name":"Sklep Fabri","article_publisher":"https:\/\/www.facebook.com\/podlogifabri","article_modified_time":"2022-06-23T08:58:11+00:00","author":"admin8732","twitter_card":"summary_large_image","schema":{"@context":"https:\/\/schema.org","@graph":[{"@type":["Person","Organization"],"@id":"https:\/\/sklepfabri.pl\/#\/schema\/person\/4770a54243c7386d41159c794af164a8","name":"admin8732","image":{"@type":"ImageObject","inLanguage":"pl-PL","@id":"https:\/\/sklepfabri.pl\/#\/schema\/person\/image\/","url":"https:\/\/secure.gravatar.com\/avatar\/f055ffad62b9983bde2dbcf4bc812418?s=96&d=mm&r=g","contentUrl":"https:\/\/secure.gravatar.com\/avatar\/f055ffad62b9983bde2dbcf4bc812418?s=96&d=mm&r=g","caption":"admin8732"},"logo":{"@id":"https:\/\/sklepfabri.pl\/#\/schema\/person\/image\/"},"sameAs":["http:\/\/sklepfabri.pl","https:\/\/www.facebook.com\/podlogifabri","https:\/\/www.instagram.com\/podlogifabri\/"]},{"@type":"WebSite","@id":"https:\/\/sklepfabri.pl\/#website","url":"https:\/\/sklepfabri.pl\/","name":"Sklep Fabri","description":"Pod\u0142ogi drewniane","publisher":{"@id":"https:\/\/sklepfabri.pl\/#\/schema\/person\/4770a54243c7386d41159c794af164a8"},"potentialAction":[{"@type":"SearchAction","target":{"@type":"EntryPoint","urlTemplate":"https:\/\/sklepfabri.pl\/?s={search_term_string}"},"query-input":"required name=search_term_string"}],"inLanguage":"pl-PL"},{"@type":"WebPage","@id":"https:\/\/sklepfabri.pl\/index.php\/my-account-2\/#webpage","url":"https:\/\/sklepfabri.pl\/index.php\/my-account-2\/","name":"My account - Sklep Fabri","isPartOf":{"@id":"https:\/\/sklepfabri.pl\/#website"},"datePublished":"2017-12-17T10:02:12+00:00","dateModified":"2022-06-23T08:58:11+00:00","breadcrumb":{"@id":"https:\/\/sklepfabri.pl\/index.php\/my-account-2\/#breadcrumb"},"inLanguage":"pl-PL","potentialAction":[{"@type":"ReadAction","target":["https:\/\/sklepfabri.pl\/index.php\/my-account-2\/"]}]},{"@type":"BreadcrumbList","@id":"https:\/\/sklepfabri.pl\/index.php\/my-account-2\/#breadcrumb","itemListElement":[{"@type":"ListItem","position":1,"name":"Strona g\u0142\u00f3wna","item":"https:\/\/sklepfabri.pl\/"},{"@type":"ListItem","position":2,"name":"My account"}]}]}},"_links":{"self":[{"href":"https:\/\/sklepfabri.pl\/index.php\/wp-json\/wp\/v2\/pages\/41"}],"collection":[{"href":"https:\/\/sklepfabri.pl\/index.php\/wp-json\/wp\/v2\/pages"}],"about":[{"href":"https:\/\/sklepfabri.pl\/index.php\/wp-json\/wp\/v2\/types\/page"}],"author":[{"embeddable":true,"href":"https:\/\/sklepfabri.pl\/index.php\/wp-json\/wp\/v2\/users\/1"}],"replies":[{"embeddable":true,"href":"https:\/\/sklepfabri.pl\/index.php\/wp-json\/wp\/v2\/comments?post=41"}],"version-history":[{"count":15,"href":"https:\/\/sklepfabri.pl\/index.php\/wp-json\/wp\/v2\/pages\/41\/revisions"}],"predecessor-version":[{"id":3333,"href":"https:\/\/sklepfabri.pl\/index.php\/wp-json\/wp\/v2\/pages\/41\/revisions\/3333"}],"wp:attachment":[{"href":"https:\/\/sklepfabri.pl\/index.php\/wp-json\/wp\/v2\/media?parent=41"}],"curies":[{"name":"wp","href":"https:\/\/api.w.org\/{rel}","templated":true}]}}